{"id":586,"date":"2018-10-21T16:53:53","date_gmt":"2018-10-21T14:53:53","guid":{"rendered":"https:\/\/www.evi.de\/koeln\/?page_id=586"},"modified":"2018-10-21T19:00:52","modified_gmt":"2018-10-21T17:00:52","slug":"inhalte-der-weiterbildung","status":"publish","type":"page","link":"https:\/\/www.evi.de\/koeln\/inhalte-der-weiterbildung\/","title":{"rendered":"Inhalte der Weiterbildung"},"content":{"rendered":"<h5><span style=\"color: #ff0000;\"><strong>Auszug aus den Inhalten der Weiterbildung:<\/strong><\/span><\/h5>\n<ul>\n<li><strong>120 Stunden in psychologischen Grundlagen\u00a0<\/strong>des Verhaltens und des abweichenden Verhaltens, allgemeine und spezielle Neurosenlehre, Lern- und sozialpsychologische Entwicklungsmodelle, tiefenpsychologische Entwicklungs- und Pers\u00f6nlichkeitsmodelle, systemische Familien- und Gruppenkonzepte, allgemeine und spezielle Psychopathologie und Grundlagen der psychiatrischen Krankheitsbilder, Motivations-, Verhaltens-, Funktions- und Bedingungsanalysen als Grundlagen f\u00fcr Erstinterview, Therapieplanung und -durchf\u00fchrung, Verhaltensdiagnostik einschlie\u00dflich prognostischer Testverfahren<\/li>\n<li>Indikation und Methodik der verhaltenstherapeutischen Verfahren<\/li>\n<li>16 Doppelstunden Autogenes Training oder Progressive Muskelentspannung oder Hypnose<\/li>\n<li>15 Doppelstunden Interaktionelle Fallarbeit (IFA)<\/li>\n<li>10 dokumentierte und supervidierte Erstuntersuchungen<\/li>\n<li>15 Doppelstunden Fallseminar<\/li>\n<li>120 Stunden supervidierte Verhaltenstherapie, davon 3 abgeschlossene F\u00e4lle<\/li>\n<li>100 Stunden Einzel- bzw.Gruppenselbsterfahrung<\/li>\n<\/ul>\n<p>Die Weiterbildungsma\u00dfnahme beginnt mit einem kostenlosen <strong>Informationsgespr\u00e4ch<\/strong>.<\/p>\n","protected":false},"excerpt":{"rendered":"<p>Auszug aus den Inhalten der Weiterbildung: 120 Stunden in psychologischen Grundlagen\u00a0des Verhaltens und des abweichenden Verhaltens, allgemeine und spezielle Neurosenlehre, Lern- und sozialpsychologische Entwicklungsmodelle, tiefenpsychologische Entwicklungs- und Pers\u00f6nlichkeitsmodelle, systemische Familien- &#8230;<\/p>\n","protected":false},"author":2,"featured_media":0,"parent":0,"menu_order":0,"comment_status":"closed","ping_status":"closed","template":"template-left-sidebar.php","meta":{"footnotes":""},"class_list":["post-586","page","type-page","status-publish","hentry"],"_links":{"self":[{"href":"https:\/\/www.evi.de\/koeln\/wp-json\/wp\/v2\/pages\/586","targetHints":{"allow":["GET"]}}],"collection":[{"href":"https:\/\/www.evi.de\/koeln\/wp-json\/wp\/v2\/pages"}],"about":[{"href":"https:\/\/www.evi.de\/koeln\/wp-json\/wp\/v2\/types\/page"}],"author":[{"embeddable":true,"href":"https:\/\/www.evi.de\/koeln\/wp-json\/wp\/v2\/users\/2"}],"replies":[{"embeddable":true,"href":"https:\/\/www.evi.de\/koeln\/wp-json\/wp\/v2\/comments?post=586"}],"version-history":[{"count":3,"href":"https:\/\/www.evi.de\/koeln\/wp-json\/wp\/v2\/pages\/586\/revisions"}],"predecessor-version":[{"id":597,"href":"https:\/\/www.evi.de\/koeln\/wp-json\/wp\/v2\/pages\/586\/revisions\/597"}],"wp:attachment":[{"href":"https:\/\/www.evi.de\/koeln\/wp-json\/wp\/v2\/media?parent=586"}],"curies":[{"name":"wp","href":"https:\/\/api.w.org\/{rel}","templated":true}]}}