{"id":318,"date":"2017-06-12T16:13:33","date_gmt":"2017-06-12T14:13:33","guid":{"rendered":"http:\/\/evi.bik-kreativ.de\/daun\/?page_id=318"},"modified":"2025-09-14T18:24:31","modified_gmt":"2025-09-14T16:24:31","slug":"faqs","status":"publish","type":"page","link":"https:\/\/www.evi.de\/daun\/faqs\/","title":{"rendered":"FAQ\u00b4s"},"content":{"rendered":"<h4>FAQ\u00b4s<\/h4>\n<ol>\n<li><strong>Was muss ich tun, wenn ich mich f\u00fcr eine Ausbildung am EVI e.V. interessiere?<\/strong><\/li>\n<\/ol>\n<p>Vor dem eigentlichen Bewerbungsverfahren kann ich mir auf folgenden Wegen noch Informationen \u00fcber den Ausbildungsgang einholen:<\/p>\n<ul>\n<li>Mit einer unverbindlichen Anfrage an die Gesch\u00e4ftsstelle unter <a href=\"mailto:evi-daun@t-online.de\"><em>evi-daun@t-online.de<\/em><\/a> .<\/li>\n<li>Mit einer kostenlosen telefonischen Ausbildungsberatung vor dem Auswahlgespr\u00e4ch (Ansprechpartnerin Frau Dipl.-Psych. Martina Fischer, Telefon 06592 \u2013 201 802; mail <a href=\"mailto:martina.fischer@median-kliniken.de\"><em>martina.fischer@median-kliniken.de<\/em><\/a><em>).<\/em><\/li>\n<li>Mit einer Teilnahme an einem der angebotenen Informationstage, um mehr \u00fcber die Ausbildungsbedingungen zu erfahren.<\/li>\n<\/ul>\n<p><strong>Wie l\u00e4uft das Anmelde- bzw. Bewerbungsverfahren?<\/strong><\/p>\n<p>Bei Interesse an der Ausbildung am EVI e.V. sollte ich eine vollst\u00e4ndige Bewerbung (Bewer\u00adbungsschreiben, Lebenslauf mit Lichtbild und Zeugnisse) per Post oder E-mail an das Institut senden.<\/p>\n<p>Im Anschluss wird eine Einladung zum Aufnahmegespr\u00e4ch mit einem Vorstandsmitglied an mich gesandt. Nach erfolgreicher Durchf\u00fchrung und Zulassung steht dem Beginn meiner Ausbildung nichts mehr im Wege.<\/p>\n<p>Im Falle eines abgeschlossenen anerkannten Studiums im Ausland sollten die Zeugnisse \u00fcbersetzt sein. Eine offizielle Anerkennung des Studiums ist in diesem Fall ebenso wichtig.<\/p>\n<p>Am Einfachsten ist es, die Antragsunterlagen <u>\u00fcber das Ausbildungsinstitut<\/u> an das L<em>andespr\u00fcfungsamt f\u00fcr Psychotherapie, 55116 Mainz <\/em>zu senden, damit abschlie\u00dfend gepr\u00fcft werden kann, ob ich die Voraussetzungen f\u00fcr die Zulassung zur Ausbildung in Erwachsenen\u00adpsychotherapie beim Eifeler Verhaltenstherapie-Institut erf\u00fclle. Diese \u00dcberpr\u00fcfung muss durch das Ausbildungsinstitut veranlasst werden.<\/p>\n<p><strong>Dauer der Ausbildung?<\/strong><\/p>\n<p>Das Eifeler Verhaltenstherapie-Institut bietet die Ausbildung nach den Vorgaben des PTG in Vollzeit (mindestens drei Jahre) und in Teilzeit (mindestens f\u00fcnf Jahre) an.<\/p>\n<ol start=\"2\">\n<li><strong>Wann kann ich die Ausbildung beginnen?<\/strong><\/li>\n<\/ol>\n<p>Ein Einstieg ist individuell m\u00f6glich. Im Aufnahmegespr\u00e4ch wird besprochen, in welchen Kurs (Quereinstieg oder neuer Kurs) ich direkt\u00a0 integriert werde. In der Folge ist es wichtig, dass ich einen Vertrag f\u00fcr die Praktische T\u00e4tigkeit in einer kooperierenden Klinik habe. (Das Institut kann die Klinikbewerbung unterst\u00fctzen). Wenn ich von einem anderen Institut zu EVI wechseln m\u00f6chte, wird ebenfalls eine passende L\u00f6sung gesucht. So ist es z. B. auch m\u00f6glich, fehlende Behandlungsstunden unter Supervision zu leisten.<\/p>\n<ol start=\"3\">\n<li><strong>Welche Gesamtkosten erwarten mich im Laufe der Ausbildung und welche M\u00f6glichkeiten der Refinanzierung gibt es?<\/strong><\/li>\n<\/ol>\n<p>Mit Hilfe der unter Ausbildungskosten befindlichen Tabelle kann ich mir eine \u00dcbersicht \u00fcber die entstehenden Ausgaben und Einnahmen schaffen. Bei weiteren Fragen wende ich mich telefonisch oder per Mail an EVI.<\/p>\n<ol start=\"4\">\n<li><strong>Wie ist die Ausbildung strukturiert, welche Ausbildungsinhalte erwarten mich?<\/strong><\/li>\n<\/ol>\n<p>Mich erwartet ein verhaltenstherapeutisch orientiertes Theorieprogramm (Grundlagen und aktuellste Weiterentwicklungen der VT, einzelne St\u00f6rungsbilder in der Verhaltenstherapie, Gestaltung von gruppentherapeutischem Arbeiten, Familien- und Paartherapie, Pharmako\u00adlogie, Dokumentation im station\u00e4ren und ambulanten Setting, Diagnostik und Testverfahren). Dar\u00fcber hinaus werden Grundlagenseminare zu anerkannten Therapieverfahren z.B. Psycho\u00adanalyse, Gespr\u00e4chspsychotherapie, systemische Therapie angeboten. Um sich gut auf die staatliche Abschlusspr\u00fcfung vorzubereiten, gibt es Seminare zur schriftlichen und m\u00fcndlichen Abschlusspr\u00fcfung, die von erfahrenen Pr\u00fcfern durchgef\u00fchrt werden. Parallel wird die Gruppen- und Einzelsupervision, Selbsterfahrung in einer Gruppe und praktische T\u00e4tigkeit im station\u00e4ren Setting absolviert. Vorteilhaft im Vergleich zu anderen Instituten ist, dass bereits bis zu 200 supervidierte Behandlungsstunden im station\u00e4ren Setting der praktischen T\u00e4tigkeit erbracht werden k\u00f6nnen.<\/p>\n<p>Die Ausbildung ist in zwei Abschnitte gegliedert. Vor der Zwischenpr\u00fcfung (in der Regel nach dem 3. Semester) sind die Schwerpunkte: Praktische T\u00e4tigkeit in der Klinik, Theorieveranstal\u00adtungen, Selbsterfahrung, Gruppensupervision.\u00a0 Mit bestandener Zwischenpr\u00fcfung beginnt die Ambulanzt\u00e4tigkeit: Einarbeitung in die Ambulanzarbeit durch einen Ausbildungsleiter, Durch\u00adf\u00fchrung ambulanter Psychotherapien unter regelm\u00e4\u00dfiger Einzel- oder Gruppensupervision.<\/p>\n<p>In dieser Phase reduzieren sich die Theorieveranstaltungen.<\/p>\n<p>Die individuelle Ausbildungsplanung kann mit den Ausbildungsleitern in pers\u00f6nlichen Beratungsgespr\u00e4chen (kostenfrei) abgestimmt werden.<\/p>\n<ol start=\"5\">\n<li><strong>Mit welchen Dozenten arbeitet EVI zusammen?<\/strong><\/li>\n<\/ol>\n<p>Jeder Ausbildungskurs wird von einem verantwortlichen Kursmentor\/in koordiniert, der auch w\u00e4hrend des laufenden Semesters Ansprechpartner f\u00fcr den Kurs bzw. Kurssprecher ist.<\/p>\n<p>Der Theorie-Semesterplan wird orientiert am rheinland-pf\u00e4lzischen Konsenscurriculum und mit aktuellen Erg\u00e4nzungen erstellt. Bei der Auswahl der Dozenten wird besonders die fachliche und therapeutische Kompetenz und Spezialisierung der Dozenten ber\u00fccksichtigt.<\/p>\n<p>Die Dozenten und Dozentinnen haben zumeist langj\u00e4hrige Erfahrungen im universit\u00e4ren Setting, in verschiedenen klinischen und ambulanten Arbeitsbereichen.<\/p>\n<p>Zur Sicherung der Qualit\u00e4t werden am Ende jeder Veranstaltung von den Teilnehmer\/innen Evaluationsb\u00f6gen ausgef\u00fcllt, deren Ergebnisse als Info f\u00fcr die Kursmentoren und zur R\u00fcckmeldung an die Dozent\/innen dienen.<\/p>\n<ol start=\"6\">\n<li><strong>Wie h\u00e4ufig finden die Seminare statt und wie laufen diese ab?<\/strong><\/li>\n<\/ol>\n<p>Die Theorieseminare finden i.d.R. vom 1. bis zum 6. Semester statt, insgesamt sind 600 Stun\u00adden abzuleisten. Die Frequenz ist dabei unterschiedlich, meist finden die Seminare freitags (18-21 Uhr) und samstags (9.30-16.30 Uhr) statt. Die Schulferien sind seminarfrei. Die Teil\u00adnahme ist verpflichtend.<\/p>\n<p>Bei Krankheit mit \u00e4rztlicher AU-Bescheinigung kann ich eine Gutschrift erhalten und die Unterrichtseinheiten nachholen.<\/p>\n<p>Der Ablauf der Seminare ist recht \u00e4hnlich, zun\u00e4chst erfolgt eine theoretische Einordnung, um dann die praktische Anwendung in \u00dcbungen zu fokussieren. Meist handelt es sich um externe Dozenten, die in dem Themengebiet praktisch erfahren und spezialisiert sind. Die Arbeits\u00admaterialien, wie von den Dozenten erstellte Hand-Outs werden in Kopieform oder per Mail zur Verf\u00fcgung gestellt. Jeder Ausbildungskandidat tr\u00e4gt sich in die Anwesenheitsliste ein und l\u00e4sst sich seine Anwesenheit zus\u00e4tzlich in seinem Studienbuch vom Dozenten per Unterschrift best\u00e4tigen. Zus\u00e4tzlich f\u00fcllt jeder Ausbildungskandidat am Ende der Veranstaltung einen Evaluationsbogen aus.<\/p>\n<ol start=\"7\">\n<li><strong>Erfahre ich im Laufe meiner Ausbildung etwas \u00fcber andere psychotherapeutische Verfahren?<\/strong><\/li>\n<\/ol>\n<p>EVI ist ein verhaltenstherapeutisch orientiertes Ausbildungsinstitut, so dass der Fokus nat\u00fcrlich auf verhaltenstherapeutischen Inhalten liegt. Dennoch werden in den Seminaren<\/p>\n<p>Immer wieder auch andere Verfahren mit einbezogen. In der Abschlusspr\u00fcfung wird schlie\u00df\u00adlich auch Wissen \u00fcber andere Richtlinienverfahren gepr\u00fcft.<\/p>\n<p>Aber auch andere Verfahren, wie die Schematherapie, Familientherapie, CBASP etc., werden in Grundz\u00fcgen vorgestellt.<\/p>\n<ol start=\"8\">\n<li><strong>Gibt es in der N\u00e4he des Instituts kooperierende Kliniken, in denen ich meine praktische T\u00e4tigkeit ableisten kann?<\/strong><\/li>\n<\/ol>\n<p>Es gibt eine Vielzahl von kooperierenden Kliniken in der N\u00e4he, in denen ich meine praktische T\u00e4tigkeit ableisten kann und die h\u00e4ufig auch eine Verg\u00fctung f\u00fcr die praktische T\u00e4tigkeit zahlen.<\/p>\n<ul>\n<li><a href=\"http:\/\/www.evi.de\/daun\/ausbildungsstruktur\/kooperierende-einrichtungen\/\">Kooperierende Einrichtungen<\/a><\/li>\n<\/ul>\n<ol start=\"9\">\n<li><strong>Wird die praktische T\u00e4tigkeit in den Kooperationskliniken verg\u00fctet?<\/strong><\/li>\n<\/ol>\n<p>In der Regel ja, und zwar mit ca. 1100 Euro\/brutto. Zus\u00e4tzlich f\u00f6rdern einige Kooperations\u00adkliniken die Ausbildung sowohl mit einer Freistellung (bis zu 10 Tage\/Kalenderjahr) als auch mit einer Weiterbildungspauschale w\u00e4hrend der 18monatigen praktischen T\u00e4tigkeit.<\/p>\n<ol start=\"10\">\n<li><strong>Wie kann ich mich nach der praktischen T\u00e4tigkeit finanzieren?<\/strong><\/li>\n<\/ol>\n<p>Im Anschluss an die praktische T\u00e4tigkeit (1800 Std=18 Monate)sind die Chancen auf Weiter\u00adbesch\u00e4ftigung im Sinne eines Angestelltenverh\u00e4ltnisses in einer der Kooperationskliniken oft sehr gut, eine Garantie daf\u00fcr gibt es jedoch nicht.<\/p>\n<p>Im Rahmen der Praktischen Ausbildung nach der Zwischenpr\u00fcfung erhalte ich f\u00fcr die erbrach\u00adten Behandlungsstunden eine anteilige Verg\u00fctung, nach dem die Institutsambulanz mit den Krankenkassen abgerechnet hat.<\/p>\n<ol start=\"11\">\n<li><strong>Gibt es eine Zwischenpr\u00fcfung am EVI? Wie sieht diese aus?<\/strong><\/li>\n<\/ol>\n<p>Voraussetzung zur T\u00e4tigkeit in der Ambulanz ist eine Zwischenpr\u00fcfung.\u00a0 Diese kann ich ableisten, wenn ich mindestens 300 Theoriestunden, 60 Stunden Selbsterfahrung, 1.000\u00a0Stun\u00adden Praktische T\u00e4tigkeit und einen supervidierten station\u00e4ren Fall mit mindestens 20\u00a0Behand\u00adlungsstunden mit Langdokumentation erfolgreich abgeschlossen habe. Die Zwischenpr\u00fcfung findet dann am Institut statt und ist auf meinen Fall bezogen. Zur Pr\u00fcfung kommen dann zwei externe Pr\u00fcfer\/innen, die mich ca. 30 Minuten m\u00fcndlich pr\u00fcfen. \u00dcbergeordnet geht es darum, zu schauen, ob ich \u00fcber die n\u00f6tigen Kompetenzen zur Einzelbehandlung verf\u00fcge (bspw. Behandlungsstrukturierung, Diagnostik und Differentialdiagnostik, zielorientierte Behandlung etc.). Ich erhalte direkt im Anschluss die R\u00fcckmeldung, ob ich bestanden habe. Sollte ich die Zwischenpr\u00fcfung nicht bestehen, kann ich diese bis zu zweimal wiederholen.<\/p>\n<ol start=\"12\">\n<li><strong>Gibt es eine Einf\u00fchrung in die Ambulanzt\u00e4tigkeit?<\/strong><\/li>\n<\/ol>\n<p>Mit Bestehen der Zwischenpr\u00fcfung kann ich mit der Ambulanzt\u00e4tigkeit und dem Ableisten<\/p>\n<p>der ambulanten Behandlungsstunden beginnen. Zu Anfang findet eine Einf\u00fchrung in die Ambulanzt\u00e4tigkeit durch die Ausbildungsleitung statt. Dabei werden sowohl inhaltliche Aspekte der ambulanten therapeutischen T\u00e4tigkeit, aber auch organisatorische Rahmen\u00adbedingungen gekl\u00e4rt.<\/p>\n<p>In der Regel ist die Einf\u00fchrung in die Ambulanzt\u00e4tigkeit bereits direkt an ein erstes Indika\u00adtionsgespr\u00e4ch, welches gemeinsam mit der Ausbildungsleitung stattfindet, gekoppelt, so dass gleich die erste Patientenbehandlung beginnt.<\/p>\n<ol start=\"13\">\n<li><strong>Was erwartet mich w\u00e4hrend meiner Ambulanzt\u00e4tigkeit?<\/strong><\/li>\n<\/ol>\n<p>W\u00e4hrend der T\u00e4tigkeit in der Ambulanz kann ich unter regelm\u00e4\u00dfiger Supervision eigenver\u00adantwortlich arbeiten. Ich kann aus einer EVI-Supervisorenliste meinen Supervisor frei w\u00e4hlen. Die Einzelsupervision vereinbare ich individuell mit dem Supervisor, die Kosten werden mir vom Supervisor in Rechnung gestellt.<\/p>\n<p>Ich kann entscheiden, wie viele Patienten ich \u00fcbernehme. \u00a0Die Empfehlung ist bei berufs\u00adbegleitender Ausbildung von anfangs 2 psychotherapeutischen Behandlungen sukzessive auf vier oder mehr parallele Behandlungen aufzubauen. Es sind je nach Umfang der angestellten Berufst\u00e4tigkeit auch andere Modelle m\u00f6glich, so planen sich Ambulanztherapeuten auch halbe oder ganze Tage Ambulanzt\u00e4tigkeit ein, um schneller ihre Behandlungsstunden abzu\u00adleisten.\u00a0 Insbesondere bei der 3j\u00e4hrigen Ausbildung werden die Behandlungsstunden in konzentrierter Form abgeleistet. Das Erstgespr\u00e4ch in der Ambulanz (Indikationsgespr\u00e4ch) wird in meiner Anwesenheit von der Ausbildungsleitung gef\u00fchrt und anschlie\u00dfend gemeinsam besprochen. In der K\u00f6lner Ambulanz erfolgt die Zuweisung durch einen Psychiater.<\/p>\n<p>W\u00e4hrend bzw. nach der Probatorik stelle ich den Antrag auf Psychotherapie an die Kranken\u00adkasse.<\/p>\n<p>Die zust\u00e4ndige Ausbildungsleitung und auch der Supervisor unterst\u00fctzen mich in allen Fragen, die ich zur Antragstellung habe.<\/p>\n<ol start=\"14\">\n<li><strong>Mit welchen Supervisoren arbeitet EVI e.V. zusammen?<\/strong><\/li>\n<\/ol>\n<p>Im folgendem Link befindet sich eine Liste der aktuellen Supervisoren, mit denen EVI e.V. kooperiert:<br \/>\n<a href=\"https:\/\/www.evi.de\/daun\/wp-content\/uploads\/sites\/2\/2024\/12\/234-Y10-Liste-der-Supervisoren-2024-10-17_reduzierteDatenf.Int_.Bereich_nach-Adressaenerung-Herr-Hecht-1.pdf\">Liste der Supervisoren<\/a><\/p>\n<ol start=\"15\">\n<li><strong>Inwiefern unterst\u00fctzt EVI mich in der Vorbereitung auf mein Staatsexamen?<\/strong><\/li>\n<\/ol>\n<p>Ein erstes \u00dcbungsfeld ist die Zwischenpr\u00fcfung im Institut, die von erfahrenen Pr\u00fcfern durch\u00adgef\u00fchrt wird. Ich erhalte R\u00fcckmeldungen zu meiner schriftlichen Falldokumentation und auch zu meiner m\u00fcndlichen Leistung. Es werden im 6. Theoriesemester zwei Seminare zur Vorbe\u00adreitung jeweils zur m\u00fcndlichen und schriftlichen Abschlusspr\u00fcfung durchgef\u00fchrt. Meine gew\u00e4hlten zwei Pr\u00fcfungsf\u00e4lle f\u00fcr die staatliche Abschlusspr\u00fcfung werden f\u00fcr die Zulassung noch mal gepr\u00fcft.<\/p>\n<ol start=\"16\">\n<li><strong>Was passiert, wenn ich im Laufe meiner Ausbildung das Institut wechseln m\u00f6chte?<\/strong><\/li>\n<\/ol>\n<p>Die bisher erbrachten Leistungen werden in einer vom Institut ausgestellten Zwischenbe\u00adscheinigung dokumentiert, die f\u00fcr einen Institutswechsel erforderlich ist. Nicht jedes Institut erkennt station\u00e4re Behandlungsstunden aus der Praktischen T\u00e4tigkeit an.<\/p>\n<ol start=\"17\">\n<li><strong>Wie ist die Kommunikation zwischen dem EVI e.V. und den PiAs?<\/strong><\/li>\n<\/ol>\n<p>W\u00e4hrend der theoretischen Ausbildung findet am Semesterende regelm\u00e4\u00dfig eine Abschluss\u00adveranstaltung mit den Kursmentoren statt, die einerseits zur Reflektion des\u00a0 aktuellen Semesters aber auch f\u00fcr alle Anliegen der Ausbildungsteilnehmer offen sind. F\u00fcr alle Teil\u00adnehmer, die ihre Theoriephase abgeschlossen haben, wird einmal j\u00e4hrlich ein Treffen mit der Ausbildungsleitung vereinbart, um aktuelle Informationen, Fragen zur Ausbildungs\u00adplanung\u00a0 und spezielle Anliegen zu besprechen.<\/p>\n<p>Dar\u00fcber hinaus werden bei Bedarf individuelle Ausbildungsberatungen kostenfrei durch die Ausbildungsleitung angeboten.<\/p>\n<ol start=\"18\">\n<li><strong>Gibt es eine Vertretung der Ausbildungskandidaten im EVI?<\/strong><\/li>\n<\/ol>\n<p>Von den Ausbildungskandidaten werden zwei PiA-Sprecher\/innen gew\u00e4hlt. Diese sind die Verbin\u00addung zwischen allen Ausbildungsteilnehmern und dem Vorstand sowie Ausbildungs\u00adleitung.<\/p>\n<p>Zweimal j\u00e4hrlich findet ein gemeinsamer Austausch statt. Regelm\u00e4\u00dfig wird von Seiten des Vorstands zur Situation des Instituts informiert. Weitere Themen sind Informationen zu Politik, Rahmenbedingungen der VT-Ausbildung und aktuelle Anliegen\/W\u00fcnsche der Ausbil\u00addungskandidatinnen.<\/p>\n<p>Die Teilnahme an den rheinland-pf\u00e4lzischen und bundesweit relevanten Gremien der PiA wie z. B. Landes- und Bundeskonferenzen, DVT e.V. wird vom Institut gef\u00f6rdert und finanziell unterst\u00fctzt.<\/p>\n<ol start=\"19\">\n<li><strong>Wie erreiche ich die PiA-Sprecher\/Innen?<\/strong><\/li>\n<\/ol>\n<p>Die PiA-Sprecherinnen haben eine eigene E-Mail-Adresse und sind so f\u00fcr aktuelle PiAs aber auch Interessenten erreichbar.<\/p>\n<ul>\n<li>PiA-E-Mail <a href=\"mailto:pias@evi.de\">pias@evi.de<\/a><\/li>\n<\/ul>\n<ol start=\"20\">\n<li><strong>Wie erreiche ich die EVI-Gesch\u00e4ftsstelle?<\/strong><\/li>\n<\/ol>\n<p>Die EVI-Gesch\u00e4ftsstelle ist zu den Gesch\u00e4ftszeiten regelm\u00e4\u00dfig besetzt. Frau Schulte als Ansprechpartnerin kann erste Fragen kompetent beantworten und weitere Schritte \/ Informationen und passende Ansprechpartner sehr kurzfristig vermitteln. Ein Anruf lohnt sich!<\/p>\n<ul>\n<li>Nr. EVI Gesch\u00e4ftsstelle: 0 65 92 \u2013 957 08 40 oder 41<\/li>\n<li>Fax-Nr. 0 65 92 \u2013 957 08 39<\/li>\n<li>Mail: <a href=\"mailto:EVI-Daun@t-online.de\">EVI-Daun@t-online.de<\/a><\/li>\n<\/ul>\n","protected":false},"excerpt":{"rendered":"<p>FAQ\u00b4s Was muss ich tun, wenn ich mich f\u00fcr eine Ausbildung am EVI e.V. interessiere? Vor dem eigentlichen Bewerbungsverfahren kann ich mir auf folgenden Wegen noch Informationen \u00fcber den Ausbildungsgang &#8230;<\/p>\n","protected":false},"author":1,"featured_media":0,"parent":0,"menu_order":0,"comment_status":"closed","ping_status":"closed","template":"template-left-sidebar.php","meta":{"footnotes":""},"class_list":["post-318","page","type-page","status-publish","hentry"],"_links":{"self":[{"href":"https:\/\/www.evi.de\/daun\/wp-json\/wp\/v2\/pages\/318","targetHints":{"allow":["GET"]}}],"collection":[{"href":"https:\/\/www.evi.de\/daun\/wp-json\/wp\/v2\/pages"}],"about":[{"href":"https:\/\/www.evi.de\/daun\/wp-json\/wp\/v2\/types\/page"}],"author":[{"embeddable":true,"href":"https:\/\/www.evi.de\/daun\/wp-json\/wp\/v2\/users\/1"}],"replies":[{"embeddable":true,"href":"https:\/\/www.evi.de\/daun\/wp-json\/wp\/v2\/comments?post=318"}],"version-history":[{"count":19,"href":"https:\/\/www.evi.de\/daun\/wp-json\/wp\/v2\/pages\/318\/revisions"}],"predecessor-version":[{"id":1213,"href":"https:\/\/www.evi.de\/daun\/wp-json\/wp\/v2\/pages\/318\/revisions\/1213"}],"wp:attachment":[{"href":"https:\/\/www.evi.de\/daun\/wp-json\/wp\/v2\/media?parent=318"}],"curies":[{"name":"wp","href":"https:\/\/api.w.org\/{rel}","templated":true}]}}